{"id":109,"date":"2020-06-17T17:00:22","date_gmt":"2020-06-17T17:00:22","guid":{"rendered":"http:\/\/novatek-solutions.com\/Novatek\/?page_id=109"},"modified":"2020-06-17T17:00:25","modified_gmt":"2020-06-17T17:00:25","slug":"robotique","status":"publish","type":"page","link":"https:\/\/novatek-solutions.com\/Novatek\/robotique\/","title":{"rendered":"ROBOTIQUE"},"content":{"rendered":"\n<div class=\"wp-block-themeisle-blocks-advanced-columns has-1-columns has-desktop-equal-layout has-tablet-equal-layout has-mobile-equal-layout has-default-gap has-vertical-unset\" id=\"wp-block-themeisle-blocks-advanced-columns-40bce2df\"><div class=\"wp-block-themeisle-blocks-advanced-columns-overlay\"><\/div><div class=\"innerblocks-wrap\">\n<div class=\"wp-block-themeisle-blocks-advanced-column\" id=\"wp-block-themeisle-blocks-advanced-column-1e256345\">\n<div class=\"wp-block-media-text alignwide is-stacked-on-mobile\" style=\"grid-template-columns:20% auto\"><figure class=\"wp-block-media-text__media\"><img loading=\"lazy\" decoding=\"async\" width=\"150\" height=\"150\" src=\"https:\/\/novatek-solutions.com\/Novatek\/wp-content\/uploads\/2020\/06\/picto-automatisme-mecaconcept-e1510870351140-2.png\" alt=\"\" class=\"wp-image-110\"\/><\/figure><div class=\"wp-block-media-text__content\">\n<p style=\"font-size:22px\"><strong>ROBOTIQUE<\/strong><\/p>\n<\/div><\/div>\n<\/div>\n<\/div><\/div>\n\n\n\n<ul class=\"wp-block-list\"><li>\u00e9tude, simulation et optimisation des trajectoires sur logiciel sp\u00e9cifique<\/li><li>programmation des robots<\/li><li>conception de pr\u00e9henseurs sur-mesure<\/li><li>crat\u00e9risation&nbsp; de cellule robotis\u00e9e<\/li><li>mise en service et formation<\/li><li>assistance technique<br><br><\/li><\/ul>\n","protected":false},"excerpt":{"rendered":"<p>\u00e9tude, simulation et optimisation des trajectoires sur logiciel sp\u00e9cifique programmation des robots conception de pr\u00e9henseurs sur-mesure crat\u00e9risation&nbsp; de cellule robotis\u00e9e mise en service et formation assistance technique<\/p>\n","protected":false},"author":1,"featured_media":0,"parent":0,"menu_order":0,"comment_status":"closed","ping_status":"closed","template":"","meta":{"footnotes":""},"class_list":["post-109","page","type-page","status-publish","hentry"],"_links":{"self":[{"href":"https:\/\/novatek-solutions.com\/Novatek\/wp-json\/wp\/v2\/pages\/109","targetHints":{"allow":["GET"]}}],"collection":[{"href":"https:\/\/novatek-solutions.com\/Novatek\/wp-json\/wp\/v2\/pages"}],"about":[{"href":"https:\/\/novatek-solutions.com\/Novatek\/wp-json\/wp\/v2\/types\/page"}],"author":[{"embeddable":true,"href":"https:\/\/novatek-solutions.com\/Novatek\/wp-json\/wp\/v2\/users\/1"}],"replies":[{"embeddable":true,"href":"https:\/\/novatek-solutions.com\/Novatek\/wp-json\/wp\/v2\/comments?post=109"}],"version-history":[{"count":1,"href":"https:\/\/novatek-solutions.com\/Novatek\/wp-json\/wp\/v2\/pages\/109\/revisions"}],"predecessor-version":[{"id":111,"href":"https:\/\/novatek-solutions.com\/Novatek\/wp-json\/wp\/v2\/pages\/109\/revisions\/111"}],"wp:attachment":[{"href":"https:\/\/novatek-solutions.com\/Novatek\/wp-json\/wp\/v2\/media?parent=109"}],"curies":[{"name":"wp","href":"https:\/\/api.w.org\/{rel}","templated":true}]}}